16917571 composite?
False
Is 6099814085 prime?
False
Is 36601994911 a composite number?
False
Is 41823929831 prime?
True
Is 9434030227 composite?
False
Is 2258362381 a composite number?
True
Is 15572045803 prime?
True
Is 84125603329 prime?
True
Is 1268775743 a prime number?
False
Is 6908116231 composite?
True
Is 35206574173 a composite number?
False
Is 1721925757 a composite number?
True
Is 9039260683 a prime number?
False
Is 83865823 prime?
True
Is 10724600411 prime?
False
Is 5719942171 composite?
False
Is 34183883597 a prime number?
False
Is 133080817 a composite number?
False
Is 73751340199 prime?
True
Is 20504200741 prime?
False
Is 19654616923 a prime number?
True
Is 22401384287 prime?
True
Is 57451395731 prime?
True
Is 4819898621 a prime number?
False
Is 75692772403 composite?
False
Is 276588607 composite?
False
Is 2326311523 a prime number?
False
Is 27566501191 a composite number?
False
Is 8323265597 prime?
False
Is 20203672877 prime?
True
Is 1803836873 a composite number?
True
Is 69094693259 prime?
False
Is 3855322011 composite?
True
Is 6796016023 a prime number?
False
Is 13134020771 a composite number?
False
Is 5069021809 composite?
False
Is 823327283 a prime number?
True
Is 1216816037 a prime number?
True
Is 81923882581 composite?
False
Is 16338805345 a prime number?
False
Is 60513949 a composite number?
True
Is 4453018231 a prime number?
False
Is 99894879011 composite?
True
Is 7698080354 a prime number?
False
Is 1107974051 a composite number?
False
Is 1821049117 a prime number?
True
Is 5561757237 a composite number?
True
Is 2330116021 a prime number?
False
Is 1000881181 composite?
True
Is 18591238283 composite?
False
Is 3714124093 a composite number?
False
Is 39760620857 composite?
False
Is 2278333919 a prime number?
True
Is 40579179373 a composite number?
False
Is 9772565893 a prime number?
True
Is 684993809 prime?
False
Is 6479379989 a composite number?
False
Is 102299627 a composite number?
False
Is 3259946317 prime?
True
Is 87272293 prime?
False
Is 390760319 composite?
True
Is 8560321393 a prime number?
False
Is 14848282067 a composite number?
False
Is 147316045 prime?
False
Is 2312011015 composite?
True
Is 171326549 a composite number?
True
Is 7008649 a composite number?
True
Is 923497607 prime?
True
Is 123892427 prime?
True
Is 90039259 prime?
False
Is 29412395719 prime?
False
Is 130391059 a prime number?
False
Is 942934403 a prime number?
True
Is 2452581197 a composite number?
True
Is 1639075159 composite?
True
Is 7749859211 a prime number?
False
Is 18236672917 composite?
True
Is 12854034507 composite?
True
Is 2587478681 a prime number?
True
Is 672592621 composite?
True
Is 59317823387 a prime number?
True
Is 446256917 composite?
True
Is 1695889697 a composite number?
True
Is 2326445399 a composite number?
False
Is 24306339847 composite?
False
Is 2165036521 a composite number?
False
Is 37593539 composite?
False
Is 491840333 a prime number?
False
Is 6458438981 a composite number?
False
Is 15356435603 prime?
True
Is 3225643833 a prime number?
False
Is 3073100977 a composite number?
False
Is 45944990899 prime?
False
Is 1479327253 a composite number?
False
Is 920632769 composite?
True
Is 3514315551 prime?
False
Is 538317627 prime?
False
Is 326442073 a composite number?
False
Is 21778389727 composite?
True
Is 47612442281 composite?
True
Is 45967806439 composite?
True
Is 437723859 composite?
True
Is 6105861599 prime?
True
Is 12215135521 a prime number?
True
Is 15760859 a composite number?
False
Is 147508573 composite?
True
Is 13316021165 a composite number?
True
Is 24624991 a prime number?
True
Is 24767627 a prime number?
True
Is 2572695157 prime?
True
Is 430769069 prime?
False
Is 1123040837 composite?
True
Is 2664405881 a composite number?
False
Is 186609947 a prime number?
False
Is 27226217519 composite?
True
Is 127944374 a prime number?
False
Is 11933566763 composite?
False
Is 957522983 composite?
False
Is 506361671 a composite number?
True
Is 419309563 prime?
False
Is 1331353871 composite?
True
Is 4991459951 a composite number?
True
Is 439469911 composite?
True
Is 40401344537 a composite number?
False
Is 7276524767 composite?
False
Is 30089247659 composite?
False
Is 7420901557 composite?
True
Is 4588228189 prime?
False
Is 6167958337 prime?
True
Is 11505314461 composite?
False
Is 6608690189 a composite number?
True
Is 350891279 a composite number?
True
Is 448183691 a composite number?
True
Is 46121157106 prime?
False
Is 2371320767 prime?
True
Is 9766478773 prime?
True
Is 209688551 composite?
False
Is 7297096241 composite?
False
Is 2730432077 a composite number?
False
Is 31234258963 a prime number?
True
Is 17358966823 a composite number?
True
Is 57714260519 a prime number?
False
Is 183232767 a composite number?
True
Is 2675373343 a composite number?
False
Is 110401629319 composite?
True
Is 12520709867 composite?
False
Is 2377707103 prime?
True
Is 10352483065 a prime number?
False
Is 2831119471 a composite number?
True
Is 30053487647 prime?
False
Is 418638721321 a composite number?
True
Is 625939823 composite?
True
Is 6889439567 a composite number?
True
Is 59238505 a prime number?
False
Is 12752938963 a composite number?
False
Is 104050019 a composite number?
False
Is 16368186053 a composite number?
False
Is 217341977 composite?
False
Is 1595986901 a composite number?
True
Is 176699581229 a composite number?
False
Is 24396273593 prime?
True
Is 2274653369 a composite number?
False
Is 13116083143 composite?
False
Is 322965473 composite?
True
Is 158456721 prime?
False
Is 87985989121 a composite number?
False
Is 197007067373 composite?
False
Is 567066983 composite?
True
Is 3372337131 a composite number?
True
Is 380315363 a composite number?
False
Is 220045741 composite?
False
Is 153585071 composite?
False
Is 28714945891 a prime number?
True
Is 3110453573 a composite number?
False
Is 11152837067 a prime number?
True
Is 14447894809 a composite number?
False
Is 437394869 a composite number?
False
Is 3579840709 a composite number?
True
Is 2804918293 prime?
True
Is 40982570687 a prime number?
True
Is 170834915887 a composite number?
True
Is 2975223145 a composite number?
True
Is 37301737 a prime number?
False
Is 692980403 a prime number?
True
Is 1168239551 prime?
True
Is 436641473 a prime number?
True
Is 53025331 composite?
False
Is 5596890713 a prime number?
True
Is 179286800957 a prime number?
False
Is 248481244537 a prime number?
True
Is 26047777307 composite?
False
Is 1331693893 composite?
False
Is 4278771907 a prime number?
False
Is 15078062761 a composite number?
False
Is 1868236611 a composite number?
True
Is 1632560299 a prime number?
True
Is 21480515843 composite?
True
Is 31242425993 prime?
False
Is 3045266639 prime?
True
Is 40580801 a prime number?
True
Is 9664075045 a prime number?
False
Is 26850149407 a prime number?
True
Is 874677949 prime?
True
Is 1315829279 a composite number?
False
Is 1697499523 prime?
True
Is 32706326927 a prime number?
True
Is 19980621443 prime?
True
Is 2146056329 a prime number?
False
Is 4803562369 composite?
False
Is 55000072097 a composite number?
False
Is 1070454877 prime?
False
Is 8308359035 a composite number?
True
Is 38212088747 prime?
False
Is 131207933 composite?
False
Is 294622583 prime?
True
Is 43251787 a prime number?
True
Is 52299728597 composite?
False
Is 13866092701 a composite number?
False
Is 70198795507 a prime number?
True
Is 4059601669 prime?
False
Is 354122096363 a prime number?
False
Is 2889629398 a prime number?
False
Is 80614903 prime?
True
Is 2802074081 prime?
True
Is 264169669 a composite number?
False
Is 30611584439 a prime number?
True
Is 30131239711 prime?
True
Is 96788465227 prime?
False
Is 710221139 a composite number?
True
Is 1598184281 a composite number?
True
Is 511471141 composite?
True
Is 291429445 prime?
False
Is 20155688587 a prime number?
False
Is 104904744883 prime?
True
Is 76808025785 prime?
False
Is 3261964733 a prime number?
False
Is 106902602 composite?
True
Is 88736653921 prime?
True
Is 4787867179 prime?
False
Is 773706677 prime?
False
Is 4152368443 composite?
False
Is 346429669 a prime number?
True
Is 1350288787 prime?
False
Is 993103349 a composite number?
True
Is 48493530023 a composite number?
True
Is 50471432117 a composite number?
True
Is 4688469581 a c